{"id":106,"date":"2024-02-03T12:38:18","date_gmt":"2024-02-03T12:38:18","guid":{"rendered":"https:\/\/fatimavicentesilva.art\/?page_id=106"},"modified":"2025-03-25T17:40:23","modified_gmt":"2025-03-25T17:40:23","slug":"biografia","status":"publish","type":"page","link":"https:\/\/fatimavicentesilva.art\/en\/biografia\/","title":{"rendered":"Biography"},"content":{"rendered":"<div data-elementor-type=\"wp-page\" data-elementor-id=\"106\" class=\"elementor elementor-106\">\n\t\t\t\t\t\t<section class=\"elementor-section elementor-top-section elementor-element elementor-element-1621e5ff0 elementor-section-boxed elementor-section-height-default elementor-section-height-default wpr-particle-no wpr-jarallax-no wpr-parallax-no wpr-sticky-section-no\" data-id=\"1621e5ff0\" data-element_type=\"section\" data-settings=\"{&quot;background_background&quot;:&quot;classic&quot;}\">\n\t\t\t\t\t\t<div class=\"elementor-container elementor-column-gap-wider\">\n\t\t\t\t\t<div class=\"elementor-column elementor-col-50 elementor-top-column elementor-element elementor-element-311a9f7c\" data-id=\"311a9f7c\" data-element_type=\"column\">\n\t\t\t<div class=\"elementor-widget-wrap elementor-element-populated\">\n\t\t\t\t\t\t<div class=\"elementor-element elementor-element-fd7d12f elementor-invisible elementor-widget elementor-widget-heading\" data-id=\"fd7d12f\" data-element_type=\"widget\" data-settings=\"{&quot;_animation&quot;:&quot;fadeIn&quot;}\" data-widget_type=\"heading.default\">\n\t\t\t\t<div class=\"elementor-widget-container\">\n\t\t\t\t\t<h2 class=\"elementor-heading-title elementor-size-default\">F\u00e1tima Vicente Silva<\/h2>\t\t\t\t<\/div>\n\t\t\t\t<\/div>\n\t\t\t\t<div class=\"elementor-element elementor-element-21f0a59 elementor-widget elementor-widget-image\" data-id=\"21f0a59\" data-element_type=\"widget\" data-widget_type=\"image.default\">\n\t\t\t\t<div class=\"elementor-widget-container\">\n\t\t\t\t\t\t\t\t\t\t\t\t\t\t\t<img fetchpriority=\"high\" decoding=\"async\" width=\"768\" height=\"1024\" src=\"https:\/\/fatimavicentesilva.art\/wp-content\/uploads\/2024\/02\/Fatima-Vicente-Silva-b.w-768x1024.jpg\" class=\"attachment-large size-large wp-image-200\" alt=\"\" srcset=\"https:\/\/fatimavicentesilva.art\/wp-content\/uploads\/2024\/02\/Fatima-Vicente-Silva-b.w-768x1024.jpg 768w, https:\/\/fatimavicentesilva.art\/wp-content\/uploads\/2024\/02\/Fatima-Vicente-Silva-b.w-225x300.jpg 225w, https:\/\/fatimavicentesilva.art\/wp-content\/uploads\/2024\/02\/Fatima-Vicente-Silva-b.w-1152x1536.jpg 1152w, https:\/\/fatimavicentesilva.art\/wp-content\/uploads\/2024\/02\/Fatima-Vicente-Silva-b.w-9x12.jpg 9w, https:\/\/fatimavicentesilva.art\/wp-content\/uploads\/2024\/02\/Fatima-Vicente-Silva-b.w.jpg 1200w\" sizes=\"(max-width: 768px) 100vw, 768px\" \/>\t\t\t\t\t\t\t\t\t\t\t\t\t\t\t<\/div>\n\t\t\t\t<\/div>\n\t\t\t\t\t<\/div>\n\t\t<\/div>\n\t\t\t\t<div class=\"elementor-column elementor-col-50 elementor-top-column elementor-element elementor-element-54541f5f\" data-id=\"54541f5f\" data-element_type=\"column\">\n\t\t\t<div class=\"elementor-widget-wrap elementor-element-populated\">\n\t\t\t\t\t\t<div class=\"elementor-element elementor-element-e61df70 elementor-invisible elementor-widget elementor-widget-text-editor\" data-id=\"e61df70\" data-element_type=\"widget\" data-settings=\"{&quot;_animation&quot;:&quot;fadeIn&quot;,&quot;_animation_delay&quot;:100}\" data-widget_type=\"text-editor.default\">\n\t\t\t\t<div class=\"elementor-widget-container\">\n\t\t\t\t\t\t\t\t\t<p>Born in Ponta Delgada, in the Azores, she moved to Lisbon, where she resides.<\/p><p class=\"translation-block\">With academic training in the areas of literature, languages \u200b\u200band\ntechnologies, she took a journey through photography, having completed a course at the\nPortuguese Institute of Photography, as well as several workshops.<\/p><p>Fot\u00f3grafa, com particular incid\u00eancia na fotografia a preto e branco e mais centrada na street photography, foi a partir desse percurso que enveredou tamb\u00e9m pelas artes pl\u00e1sticas: o seu trabalho \u00e9 em t\u00e9cnica mista, utilizando acr\u00edlico e colagens sobre tela, sendo a maior parte das colagens imagens ou recortes de fotos da sua autoria.<\/p><p class=\"translation-block\">Participation in some projects that she highlights: Permanent Exhibition\n\u201cMonte da Rosada \u2013 before and after\u201d, 2015 (project based on the reconstruction\nfrom the Monte da Rosada property, Aldeia dos Arcos, Estremoz); FY16\nArruda dos Vinhos \u2013 Photographic meeting with Collective Exhibition in\nMorgado Cultural Center; EF18 Mafra\/Ericeira \u2013 Photographic Meeting\nwith a Collective Street Exhibition in Jardim da Ericeira; \"An image\nSolid\u00e1ria\u201d, Lisbon and Porto, 2017, 2018, 2019, 2021 and 2023; \u201cExhibition at\nJardim\u201d \u2013 Coletiva, Lisbon, 2019; Collective Exhibition \u201c50 photographs \u2013 A\nSecret life of words\u201d, Oeiras, 2021; Exhibition \u201cOn the Path of the City\u201d,\nintegrated into \u201cInstantes\u201921\u201d \u2013 International Photography Festival\nAvintes, 2021; \u201cArt of Photography\u201d Exhibition, Espelho D\u2019\u00c1gua, 2022;\nCollective Exhibition of Members of Associa\u00e7\u00e3o Cultural Instantes 2021 and\n2023.<\/p><p>Exposi\u00e7\u00e3o individual de artes pl\u00e1sticas, Espa\u00e7o Imperfeito, Lisboa, maio de 2024.<\/p><p class=\"translation-block\">Participation in several international collective exhibitions, namely\nat the Valid World Hall, Barcelona (2021); Kontrast Galleri, Stockholm (2022);\nBangkok Art Culture Center, Bangkok (2022); Modeka Gallery, Manila\n(2022), among others.\nHer work has been published in magazines such as \u201cDigital Camera World\u201d and in\nnational and foreign websites.<\/p>\t\t\t\t\t\t\t\t<\/div>\n\t\t\t\t<\/div>\n\t\t\t\t\t<\/div>\n\t\t<\/div>\n\t\t\t\t\t<\/div>\n\t\t<\/section>\n\t\t\t\t<\/div>","protected":false},"excerpt":{"rendered":"<p>F\u00e1tima Vicente Silva Nasceu em Ponta Delgada, nos A\u00e7ores, mas mudou-se para Lisboa, onde reside. Com forma\u00e7\u00e3o acad\u00e9mica nas \u00e1reas da literatura, das l\u00ednguas e das tecnologias, fez um percurso pela fotografia, tendo realizado um curso no Instituto Portugu\u00eas de Fotografia, assim como v\u00e1rios workshops. Fot\u00f3grafa, com particular incid\u00eancia na fotografia a preto e branco e mais centrada na street photography, foi a partir desse percurso que enveredou tamb\u00e9m pelas artes pl\u00e1sticas: o seu trabalho \u00e9 em t\u00e9cnica mista, utilizando acr\u00edlico e colagens sobre tela, sendo a maior parte das colagens imagens ou recortes de fotos da sua autoria. Participa\u00e7\u00e3o em alguns projetos de que salienta: Exposi\u00e7\u00e3o Permanente \u201cMonte da Rosada \u2013 antes e depois\u201d, 2015 (projeto a partir da reconstru\u00e7\u00e3o da propriedade Monte da Rosada, Aldeia dos Arcos, Estremoz); EF16 Arruda dos Vinhos \u2013 Encontro fotogr\u00e1fico com Exposi\u00e7\u00e3o Coletiva no Centro Cultural do Morgado; EF18 Mafra\/Ericeira \u2013 Encontro Fotogr\u00e1fico com Exposi\u00e7\u00e3o Coletiva de Rua no Jardim da Ericeira; \u201cUma Imagem Solid\u00e1ria\u201d, Lisboa e Porto, 2017, 2018, 2019, 2021 e 2023; \u201cExposi\u00e7\u00e3o no Jardim\u201d \u2013 Coletiva, Lisboa, 2019; Exposi\u00e7\u00e3o Coletiva \u201c50 fotografias \u2013 A vida Secreta das palavras\u201d, Oeiras, 2021; Exposi\u00e7\u00e3o \u201cNa Senda da Cidade\u201d, integrada no \u201cInstantes\u201921\u201d &#8211; Festival Internacional de Fotografia de Avintes, 2021; Exposi\u00e7\u00e3o \u201cArt of Photography\u201d, Espelho D\u2019\u00c1gua, 2022; Exposi\u00e7\u00e3o Coletiva de S\u00f3cios da Associa\u00e7\u00e3o Cultural Instantes 2021 e 2023. Exposi\u00e7\u00e3o individual de artes pl\u00e1sticas, Espa\u00e7o Imperfeito, Lisboa, maio de 2024. Participa\u00e7\u00e3o em v\u00e1rias exposi\u00e7\u00f5es coletivas internacionais, nomeadamente no Valid World Hall, Barcelona (2021); Kontrast Galleri, Estocolmo (2022); Bangkok Art Culture Center, Bangkok (2022); Modeka Gallery, Manila (2022), entre outras.Tem trabalhos publicados em revistas, como a \u201cDigital Camera World\u201d e em sites nacionais e estrangeiros.<\/p>","protected":false},"author":2,"featured_media":0,"parent":0,"menu_order":0,"comment_status":"closed","ping_status":"closed","template":"elementor_header_footer","meta":{"_monsterinsights_skip_tracking":false,"_monsterinsights_sitenote_active":false,"_monsterinsights_sitenote_note":"","_monsterinsights_sitenote_category":0,"footnotes":""},"class_list":["post-106","page","type-page","status-publish","hentry"],"_links":{"self":[{"href":"https:\/\/fatimavicentesilva.art\/en\/wp-json\/wp\/v2\/pages\/106","targetHints":{"allow":["GET"]}}],"collection":[{"href":"https:\/\/fatimavicentesilva.art\/en\/wp-json\/wp\/v2\/pages"}],"about":[{"href":"https:\/\/fatimavicentesilva.art\/en\/wp-json\/wp\/v2\/types\/page"}],"author":[{"embeddable":true,"href":"https:\/\/fatimavicentesilva.art\/en\/wp-json\/wp\/v2\/users\/2"}],"replies":[{"embeddable":true,"href":"https:\/\/fatimavicentesilva.art\/en\/wp-json\/wp\/v2\/comments?post=106"}],"version-history":[{"count":31,"href":"https:\/\/fatimavicentesilva.art\/en\/wp-json\/wp\/v2\/pages\/106\/revisions"}],"predecessor-version":[{"id":632,"href":"https:\/\/fatimavicentesilva.art\/en\/wp-json\/wp\/v2\/pages\/106\/revisions\/632"}],"wp:attachment":[{"href":"https:\/\/fatimavicentesilva.art\/en\/wp-json\/wp\/v2\/media?parent=106"}],"curies":[{"name":"wp","href":"https:\/\/api.w.org\/{rel}","templated":true}]}}

<div data-elementor-type="wp-page" data-elementor-id="106" class="elementor elementor-106">
						<section class="elementor-section elementor-top-section elementor-element elementor-element-1621e5ff0 elementor-section-boxed elementor-section-height-default elementor-section-height-default wpr-particle-no wpr-jarallax-no wpr-parallax-no wpr-sticky-section-no" data-id="1621e5ff0" data-element_type="section" data-settings="{&quot;background_background&quot;:&quot;classic&quot;}">
						<div class="elementor-container elementor-column-gap-wider">
					<div class="elementor-column elementor-col-50 elementor-top-column elementor-element elementor-element-311a9f7c" data-id="311a9f7c" data-element_type="column">
			<div class="elementor-widget-wrap elementor-element-populated">
						<div class="elementor-element elementor-element-fd7d12f elementor-invisible elementor-widget elementor-widget-heading" data-id="fd7d12f" data-element_type="widget" data-settings="{&quot;_animation&quot;:&quot;fadeIn&quot;}" data-widget_type="heading.default">
				<div class="elementor-widget-container">
					<h2 class="elementor-heading-title elementor-size-default">Fátima Vicente Silva</h2>				</div>
				</div>
				<div class="elementor-element elementor-element-21f0a59 elementor-widget elementor-widget-image" data-id="21f0a59" data-element_type="widget" data-widget_type="image.default">
				<div class="elementor-widget-container">
															<img fetchpriority="high" decoding="async" width="768" height="1024" src="https://fatimavicentesilva.art/wp-content/uploads/2024/02/Fatima-Vicente-Silva-b.w-768x1024.jpg" class="attachment-large size-large wp-image-200" alt="" srcset="https://fatimavicentesilva.art/wp-content/uploads/2024/02/Fatima-Vicente-Silva-b.w-768x1024.jpg 768w, https://fatimavicentesilva.art/wp-content/uploads/2024/02/Fatima-Vicente-Silva-b.w-225x300.jpg 225w, https://fatimavicentesilva.art/wp-content/uploads/2024/02/Fatima-Vicente-Silva-b.w-1152x1536.jpg 1152w, https://fatimavicentesilva.art/wp-content/uploads/2024/02/Fatima-Vicente-Silva-b.w-9x12.jpg 9w, https://fatimavicentesilva.art/wp-content/uploads/2024/02/Fatima-Vicente-Silva-b.w.jpg 1200w" sizes="(max-width: 768px) 100vw, 768px" />															</div>
				</div>
					</div>
		</div>
				<div class="elementor-column elementor-col-50 elementor-top-column elementor-element elementor-element-54541f5f" data-id="54541f5f" data-element_type="column">
			<div class="elementor-widget-wrap elementor-element-populated">
						<div class="elementor-element elementor-element-e61df70 elementor-invisible elementor-widget elementor-widget-text-editor" data-id="e61df70" data-element_type="widget" data-settings="{&quot;_animation&quot;:&quot;fadeIn&quot;,&quot;_animation_delay&quot;:100}" data-widget_type="text-editor.default">
				<div class="elementor-widget-container">
									<p>Born in Ponta Delgada, in the Azores, she moved to Lisbon, where she resides.</p><p class="translation-block">With academic training in the areas of literature, languages ​​and
technologies, she took a journey through photography, having completed a course at the
Portuguese Institute of Photography, as well as several workshops.</p><p>Fotógrafa, com particular incidência na fotografia a preto e branco e mais centrada na street photography, foi a partir desse percurso que enveredou também pelas artes plásticas: o seu trabalho é em técnica mista, utilizando acrílico e colagens sobre tela, sendo a maior parte das colagens imagens ou recortes de fotos da sua autoria.</p><p class="translation-block">Participation in some projects that she highlights: Permanent Exhibition
“Monte da Rosada – before and after”, 2015 (project based on the reconstruction
from the Monte da Rosada property, Aldeia dos Arcos, Estremoz); FY16
Arruda dos Vinhos – Photographic meeting with Collective Exhibition in
Morgado Cultural Center; EF18 Mafra/Ericeira – Photographic Meeting
with a Collective Street Exhibition in Jardim da Ericeira; "An image
Solidária”, Lisbon and Porto, 2017, 2018, 2019, 2021 and 2023; “Exhibition at
Jardim” – Coletiva, Lisbon, 2019; Collective Exhibition “50 photographs – A
Secret life of words”, Oeiras, 2021; Exhibition “On the Path of the City”,
integrated into “Instantes’21” – International Photography Festival
Avintes, 2021; “Art of Photography” Exhibition, Espelho D’Água, 2022;
Collective Exhibition of Members of Associação Cultural Instantes 2021 and
2023.</p><p>Exposição individual de artes plásticas, Espaço Imperfeito, Lisboa, maio de 2024.</p><p class="translation-block">Participation in several international collective exhibitions, namely
at the Valid World Hall, Barcelona (2021); Kontrast Galleri, Stockholm (2022);
Bangkok Art Culture Center, Bangkok (2022); Modeka Gallery, Manila
(2022), among others.
Her work has been published in magazines such as “Digital Camera World” and in
national and foreign websites.</p>								</div>
				</div>
					</div>
		</div>
					</div>
		</section>
				</div>

<p>Fátima Vicente Silva Nasceu em Ponta Delgada, nos Açores, mas mudou-se para Lisboa, onde reside. Com formação académica nas áreas da literatura, das línguas e das tecnologias, fez um percurso pela fotografia, tendo realizado um curso no Instituto Português de Fotografia, assim como vários workshops. Fotógrafa, com particular incidência na fotografia a preto e branco e mais centrada na street photography, foi a partir desse percurso que enveredou também pelas artes plásticas: o seu trabalho é em técnica mista, utilizando acrílico e colagens sobre tela, sendo a maior parte das colagens imagens ou recortes de fotos da sua autoria. Participação em alguns projetos de que salienta: Exposição Permanente “Monte da Rosada – antes e depois”, 2015 (projeto a partir da reconstrução da propriedade Monte da Rosada, Aldeia dos Arcos, Estremoz); EF16 Arruda dos Vinhos – Encontro fotográfico com Exposição Coletiva no Centro Cultural do Morgado; EF18 Mafra/Ericeira – Encontro Fotográfico com Exposição Coletiva de Rua no Jardim da Ericeira; “Uma Imagem Solidária”, Lisboa e Porto, 2017, 2018, 2019, 2021 e 2023; “Exposição no Jardim” – Coletiva, Lisboa, 2019; Exposição Coletiva “50 fotografias – A vida Secreta das palavras”, Oeiras, 2021; Exposição “Na Senda da Cidade”, integrada no “Instantes’21” &#8211; Festival Internacional de Fotografia de Avintes, 2021; Exposição “Art of Photography”, Espelho D’Água, 2022; Exposição Coletiva de Sócios da Associação Cultural Instantes 2021 e 2023. Exposição individual de artes plásticas, Espaço Imperfeito, Lisboa, maio de 2024. Participação em várias exposições coletivas internacionais, nomeadamente no Valid World Hall, Barcelona (2021); Kontrast Galleri, Estocolmo (2022); Bangkok Art Culture Center, Bangkok (2022); Modeka Gallery, Manila (2022), entre outras.Tem trabalhos publicados em revistas, como a “Digital Camera World” e em sites nacionais e estrangeiros.</p>
